(u) = -u**2 + 5*u + 7. What is the remainder when p(r) is divided by m(5)?
6
Let y(g) = -g**3 - 11*g**2 - 11*g + 3. Let m be y(-10). Let c = 18 - m. Calculate the remainder when 3 is divided by ((-3)/(-5))/(1/c).
0
Suppose -9*d + 571 + 104 = 0. Calculate the remainder when d is divided by 20.
15
Suppose -3*h + 2*i = -68, -h = -0*h - 4*i - 26. Calculate the remainder when 62 is divided by h.
18
Suppose 434 = 7*m + 140. Suppose -2*y = -8 - 36. What is the remainder when m is divided by y?
20
Let a = -71 - -76. What is the remainder when 13 is divided by a?
3
Let b(z) = z**2 - 3*z + 10. Calculate the remainder when 38 is divided by b(3).
8
Let y = 44 - 21. Suppose 5*r - 183 + y = 0. What is the remainder when r is divided by 11?
10
Let s be 1/(-2)*(7 - 3). Let w be -1 + (-160 + s)/3. What is the remainder when w/(-2) + 9/6 is divided by 16?
13
Suppose 11*n - 23 = 10*n. Calculate the remainder when ((-67)/3)/(3/(-9)) is divided by n.
21
Suppose 3*k + 0*k - 27 = p, -p = 2*k - 23. What is the remainder when 26 is divided by k?
6
Calculate the remainder when 108 is divided by 0 + 36 + (-3)/(-6)*4.
32
Let d(r) be the third derivative of r**4/6 - 5*r**3/6 - 5*r**2. Let z = 27 + -7. Calculate the remainder when z is divided by d(3).
6
Suppose -4*x - 3 = -11, -n - 5*x = -26. Let g = -11 + n. Suppose -4*l = -5*u - 15, g*l + 18 = u + 63. Calculate the remainder when 19 is divided by l.
9
Suppose -3*o - 41 - 61 = 0. Let t = 40 + o. Let j = -2 - -13. Calculate the remainder when j is divided by t.
5
Let o be 1 + 0 - 112/(-8). Let a be (o/(-10))/((-2)/4). Suppose f + 2 + 1 = 0, -a*t + 2*f + 39 = 0. What is the remainder when t is divided by 7?
4
Let w = -18 - -26. Let a = 10 + w. Calculate the remainder when 70 is divided by a.
16
Let l(j) = -j**3 - 5*j**2 - 10 - 2*j + 0*j**3 + 3. Suppose 6 - 16 = 2*y. What is the remainder when l(y) is divided by 1?
0
Let s be 5 + -2 + 4 + -2. Let j = 4 - 2. Suppose -s - 9 = -j*f. Calculate the remainder when 19 is divided by f.
5
Let j(s) = 2*s - 2. Let p be j(7). Let z(f) = p*f**3 - 3 - 2*f**2 + 2 + 2*f + f**2. What is the remainder when 23 is divided by z(1)?
11
Suppose -2*s + 11 = -9. Suppose 1 = -5*m + 4*n + 20, 11 = 3*m - 2*n. What is the remainder when s is divided by m?
1
Let h(k) = 31*k. Let r be 6/(-4)*2/(-3). Let c be h(r). Suppose -2*n = 2*x - c + 3, 4*n - 5*x - 47 = 0. Calculate the remainder when 38 is divided by n.
12
Let p(q) = -2*q**2 - 4*q + 3. Let u be p(-6). Let i = 17 + 70. Let r = u + i. What is the remainder when r is divided by 11?
9
Suppose -t + 215 = 4*t. Let u = 3 + -10. Let r = 8 - u. Calculate the remainder when t is divided by r.
13
Calculate the remainder when (-3 - -3) + -2 + 35 is divided by 9.
6
Let n = 6 - -1. Suppose -5 - n = -3*v. Calculate the remainder when (11/2)/((-2)/(-4)) is divided by v.
3
Let o(w) = 6*w - 2 - 3*w + 1 - 2. What is the remainder when 33 is divided by o(5)?
9
Calculate the remainder when 2/(-14) + 4301/119 is divided by 19.
17
Let n = 4 - -14. Suppose 3*x - 10 = 2*x. Suppose -r + 0*r = -x. What is the remainder when n is divided by r?
8
Let u(q) = 2*q - 8. What is the remainder when u(8) is divided by 5/15 - 14/(-3)?
3
Suppose 0 = -13*w + 12*w + 12. What is the remainder when 32 is divided by w?
8
What is the remainder when ((-4)/(-6) + (-4)/24)*138 is divided by 9?
6
Suppose k - 4 = 0, -3*k + 62 = 3*n - 46. Calculate the remainder when n is divided by 17.
15
Suppose 9 - 4 = 5*a - 4*z, 4*a - 15 = z. Suppose -a*q + 0*q = 10, -3*s = -3*q - 84. What is the remainder when 76 is divided by s?
24
Let c(d) = -5*d + 22. Calculate the remainder when c(0) is divided by 0/(-2) + (3 - -3).
4
Let z(y) = 0 + 8*y + 4 + 0*y + 2*y. Let x(f) = -f + 3. Let v be x(0). Calculate the remainder when z(v) is divided by 12.
10
Suppose 35 = -4*y - 1. Let a(r) = r**3 + 9*r**2 - r + 2. Let j = 1 - -31. What is the remainder when j is divided by a(y)?
10
Suppose 3*a - 4*a + 5 = 0. Suppose a*y - 36 = y. What is the remainder when 24 is divided by y?
6
Let c = 41 + -6. What is the remainder when c is divided by 20?
15
Suppose 2*l + 5*g = 4, g + 0*g = 2*l - 16. Suppose 4*u - 5 - l = 0. Suppose 3*c - c = 6. Calculate the remainder when u is divided by c.
0
Suppose -33 = -2*a + 37. Suppose -5*b + 2*h + a = 0, -4 = -3*b + 4*h + 31. Suppose b = k - 8. Calculate the remainder when 25 is divided by k.
12
Let s be (-3)/6*20/(-2). Suppose 0*o - o - 5 = -4*z, 2*o + s*z = 42. What is the remainder when o is divided by (-80)/(-14) - 2/(-7)?
5
Calculate the remainder when 56 is divided by (3 - (-1 + 33))/(-1).
27
Suppose -2*d - 60 = -7*d. What is the remainder when 34 is divided by d?
10
Let s = -10 - -14. Calculate the remainder when 495/20 - 3/s is divided by 9.
6
Let j(y) = 2*y - 21. Let p(q) = 7*q + 8. Let s be p(6). Let h = s + -19. Calculate the remainder when h is divided by j(16).
9
Let u(y) = y**2 - 3*y + 2. Suppose z - 2*a = 54, 0 = -5*z + 2*z - a + 197. Suppose 0*v + 4*v = z. Calculate the remainder when u(-4) is divided by v.
14
Suppose -12*x - 2*x + 84 = 0. What is the remainder when 45 is divided by x?
3
Let c = 24 + -20. Suppose 0 = 2*y + 3*y. Suppose -c*z + a - 13 + 188 = 0, y = 3*z + a - 126. What is the remainder when z is divided by 15?
13
Let d(z) = 5*z - 9. Calculate the remainder when d(7) is divided by 14.
12
Suppose 0 = -2*p - p + 4*s + 8, 4*s = 16. Calculate the remainder when 4/(-22) + 624/44 is divided by p.
6
Suppose -272 = -5*x - 32. Let g(h) = 2*h**2 - 6*h - 2. Let i be g(6). Let r = x - i. Calculate the remainder when 27 is divided by r.
13
Let u(l) be the third derivative of l**6/120 - l**4/24 - l**3/3 + 4*l**2. Let s be u(0). What is the remainder when -10*(3 - 2)*s is divided by 7?
6
Let j(i) = -i**3 + 7*i**2 - i + 8. Let p be j(7). Let d(x) = 25*x**2 + 2*x - 1. Calculate the remainder when d(p) is divided by 14.
12
Let j = 20 + -16. Suppose j*d = -2*a + 80, -d + 155 = 4*a + a. What is the remainder when a is divided by 17?
13
Let v be (1/1)/1 - -1. Suppose -2*o - 4 = -v*u, 2*o - 4 = 3*o. Calculate the remainder when 32 is divided by (77/21)/(u/(-6)).
10
Let i = 117 - 94. What is the remainder when i is divided by 4?
3
Suppose -4 = 2*w, 5*h = 3*w - 0*w + 71. Suppose 6*j - 8 = 2*j. Suppose -15 = -5*m, j*t - 3*m + 3 - 8 = 0. Calculate the remainder when h is divided by t.
6
Suppose -3*p - 93 = -3*y + 36, -139 = -3*y - 2*p. Suppose -16 = -4*i, -2*c - 2*c = -4*i - 76. What is the remainder when y is divided by c?
22
Let l(v) = -v**2 + 14*v + 21. Calculate the remainder when l(7) is divided by 18.
16
Calculate the remainder when 84 is divided by 1/(2 + 0 + -1)*29.
26
Let b(o) = -o**2. Let d(t) = -t**3 - 2*t**2 - 6*t. Let y(v) = 3*b(v) + d(v). Calculate the remainder when 22 is divided by y(-4).
6
Let m = 19 - -29. What is the remainder when m is divided by 10?
8
What is the remainder when ((-1 - -36) + 2)/1 is divided by 20?
17
Let g be -2*1/1*-10. Let h be ((-18)/10)/((-6)/g). Suppose -20 = -h*f + 2*f. Calculate the remainder when f is divided by 2.
1
Let v = 6 - 6. Let z = 4 - v. Suppose -z*a - a = -165. Calculate the remainder when a is divided by 17.
16
Let s be 3/6 - 10/(-4). Let m(j) = j**2 + 2*j - 5. What is the remainder when ((-1)/s)/((-1)/21) is divided by m(-4)?
1
Suppose -179 = -4*d + 101. Suppose -2*x + 186 = d. What is the remainder when x is divided by 20?
18
Let w be 15/(-9)*(-1 + -2). Suppose -5 = h, -4*u + 160 = u + w*h. What is the remainder when u is divided by 10?
7
Let j = 2 + -16. Let i = j + 20. What is the remainder when i is divided by 4?
2
Let d = -20 - -34. What is the remainder when 137 is divided by d?
11
Suppose -2*k + 53 = 3. Let q(l) = -l**3 + 7*l**2 - 5*l + 3. Suppose -s - 12 = -3*s. Calculate the remainder when k is divided by q(s).
7
Let k(d) = 2*d**2 + 9*d - 7. What is the remainder when 109 is divided by k(-7)?
25
Suppose 4*x + 38 = 5*x. Suppose -3*q - 54 = 18. Let f = x + q. Calculate the remainder when 40 is divided by f.
12
Let u(a) = -a**3 - 3*a**2 + 5. Suppose 0 = y - 4*d + 4, 0 = -d - 2 + 4. Suppose -x = -7 - y. What is the remainder when u(-4) is divided by x?
10
Let m = -47 + 66. What is the remainder when (-1)/5 - 47*48/(-30) is divided by m?
18
Let r be 3/(9/(-2))*-18. Let j be 3/((-1)/(16/(-6))). Let g = r - j. What is the remai